 is (45 + -29 + 3 - 26) + 58?
51
What is -12 - (3 + (9 - -4))?
-28
188 - (-42 + 164) - (0 + 8)
58
Calculate (14 + (-10 - 16) - -13) + 17.
18
Calculate 7 + 26 + -44 + 0 + -11.
-22
-21 - ((3 - -13) + (-44 - -7))
0
What is 2 + 5 + (154 - 5 - 72)?
84
What is (-62 - 12) + 26 + 28?
-20
Evaluate 30 - ((-27 + -14 - -61) + -14).
24
Evaluate 28 - (-1 - 11 - (178 + -212)).
6
What is the value of 53 + -9 + -47 + 20 + -82?
-65
What is the value of 6 - ((-18 - -2) + 10 + 11)?
1
(-284 - -279) + (15 - -1)
11
Evaluate -28 - (62 - (100 + -87)).
-77
Evaluate 13 + 9 + -5 + -31 + 0.
-14
What is -33 + 24 - -6 - (0 + (-30 + 2 - -4))?
21
(-2 - 4) + 32 + -2 + -12 + 32
44
Evaluate -24 + 22 - (-20 - -1 - (-8 + 5) - -4).
10
73 + (-97 - 23 - -70)
23
(-22 - (-10 + 12)) + 29 - (47 + 0)
-42
Evaluate 1 + -57 + -7 + (-11 - (-6 - 22)).
-46
What is the value of 7 - (14 + -58 - -11 - (0 - 14))?
26
What is (-7 - -4 - -106) + (0 - 1 - (49 - 53))?
106
What is (17 - 3 - 2) + (0 - -15) + (-81 - -77)?
23
Calculate -63 - 9 - (-61 + 17 + 45).
-73
Evaluate -61 - -9 - ((-19 - (-7 + 0)) + 13).
-53
What is 45 + (-253 - -107) + 38?
-63
What is the value of 14 + (0 - 111) + (10 + (3 - -13) - 13)?
-84
15 + (-19 - -22) - (0 - (-37 + 20))
1
-1 + -1 - (-53 + 3 + 7 + 7)
34
Calculate -20 + -68 + (-8 - -83).
-13
What is the value of (-19 + -11 - -11) + -7?
-26
Evaluate 2 - 12 - (74 - (28 - 12) - 3).
-65
2 + (-4 - (11 + -2)) + -21 + 9
-23
-61 + 15 + (-31 - -23)
-54
What is 38 - 21 - 21 - (121 + (23 - 8))?
-140
Calculate -9 + 0 + -29 + -38 + -8 - -8.
-76
(-8 - 4) + (1 - (-13 + 5 - -5))
-8
Calculate -1 - -3 - (92 + -54) - (18 - 38).
-16
What is 10 + -40 + (-11 - -23) + -14?
-32
Evaluate (-5 - ((2 - 44) + 6)) + (4 - (-2 + 5)).
32
What is 5 + 8 + (153 - (120 + -38))?
84
Calculate 11 - (92 - -5) - (-28 + 43 - 0).
-101
What is the value of -51 + -8 + -11 + 5 + 29 - -13?
-23
What is the value of (32 - -2) + -42 - (7 - (-17 + 2))?
-30
What is the value of (51 - -1) + 85 + -25 + -82?
30
4 - (-29 - -1 - (4 + 9))
45
-36 - -97 - 39 - (-4 + 18 + 5)
3
Calculate (2 - (-17 + -12 + 32)) + (49 - 1) + -2.
45
Calculate 19 + (4 - (18 + -19) - 6) - 60.
-42
Evaluate -127 - -161 - ((-12 - -26) + -73).
93
What is the value of 15 - (92 + -143 + 23 - (0 - (2 - 8)))?
49
What is -103 - -201 - 93 - (0 - 0)?
5
What is the value of 42 + -42 + 31 + -2 + -8?
21
Calculate (13 - 20) + (2 - -8) + 1 + 43 + -30.
17
Calculate (-11 + 27 - -14) + -12 + -19.
-1
Calculate -15 + (-6 - -6) + (17 - (-47 + 44)).
5
13 - 1 - (6 + 27 + (4 - -87) + 17)
-129
Evaluate (17 - (-27 + 22)) + (90 - (21 - 6)).
97
What is the value of -20 - (-18 - (-7 + 20))?
11
Calculate 4 + (2 - -1) - (180 + -64 - 138).
29
Evaluate 21 - (-79 + 20 + 140).
-60
Calculate 8 + (-10 - 31) + 74.
41
What is the value of 5 - (-29 - -16 - (63 - 72 - (-3 - -1)))?
11
Calculate 4 + (-2 - -6) + (23 - 1).
30
What is the value of (-115 - 0) + (500 - 469) + 9?
-75
-112 - (-125 + 164 - 66)
-85
What is the value of 21 - (16 + 21 + -35) - -15?
34
Calculate -1 + -14 - (-3 - (134 + -153)).
-31
What is 5024 + -5001 + (0 - (0 + 30)) - -32?
25
What is the value of -10 - ((7 - -19) + (-13 - -1))?
-24
Evaluate -2 + -26 + (4 + 39 - 27) + 1 + 28.
17
What is 202 - 258 - (-9 + 1)?
-48
What is the value of -189 - -70 - (76 + -95)?
-100
(-86 - -22) + -16 + 48
-32
Evaluate -29 + (30 - (-17 + 21 - -16)).
-19
Evaluate (0 - ((0 - 2) + -1)) + (6 - -78 - 63).
24
-103 + 85 + (4 + -1 - -48)
33
What is -12 - ((-7 - -4) + 0 + 8 - (-17 - -80))?
46
Calculate (-14 - 27) + 79 - 9 - -10.
39
Calculate -20 - ((-50 - -5) + 47).
-22
Evaluate 6 - (-29 + 33 + 35 - 17).
-16
-11 + (38 - (30 + -11)) + -17 + (1 - -58)
50
Evaluate (8 - 38) + 56 + 14 + -2.
38
-33 + (162 - 26) + (14 + -1 + 3 - 4)
115
26 - 2 - (-12 + -11 - -20)
27
Evaluate (-8 + 31 - (1 - -8 - -3)) + -7 + 9.
13
What is 66 - (-17 + 73) - -45?
55
Evaluate (16 - (-6 + 6)) + (1 - 17 - -7).
7
Evaluate -3 - (-17 + -1 + 11 + -2 - -52) - 2.
-48
Calculate -9 + (57 - 62) - (3 + -1 + -3).
-13
Evaluate (2 + -30 - (122 - 189)) + -41.
-2
What is the value of -26 + (-12 + 34 - 9) - (1 - 62)?
48
9 - (207 - 60 - 78)
-60
What is (30 + -47 - -45 - 58) + -6?
-36
-25 + (159 - 58) - 57
19
What is the value of -67 + 173 + -41 - 139?
-74
What is the value of 11 + (-8 + -1 + -1 - (-11 + 4))?
8
What is -5 + 7 - 23 - (9 + -10 + 13)?
-33
10 - ((41 - (47 + -8)) + (77 - 0) - 3)
-66
24 + -19 - ((-8 - -8) + 3 + 0) - 0
2
19 - ((15 - -76) + -55)
-17
Evaluate 55 - ((42 - 53) + 45).
21
Calculate -28 + 4 + (-39 + 15 - -47).
-1
Calculate 39 - (34 - -8) - (9 - -4).
-16
What is the value of -31 - (41 + -53 + 25)?
-44
What is the value of (-13 + 1 + 6 - 1) + -7 + -8 + 5?
-17
Evaluate 50 + (8 - -4 - (-13 - (-33 + 1))) - -11.
54
What is the value of (-1 - -224 - 305) + (0 - (0 - 12))?
-70
What is (6 - (7 + -9) - (28 + 3)) + 10?
-13
Evaluate 0 - ((26 - -20) + (-28 - -33 - (1 - -19))).
-31
What is the value of -67 - (-7 + (-2 + 10 - (-1 + 15))) - -5?
-49
(10 - -44) + -75 + 57
36
What is the value of 82 - ((0 - 16) + 29 + (4 - 19))?
84
(-1 - (-3 - 6)) + -4 + (-6 - -57 - 1)
54
What is -1 + 9 + (501 - 566)?
-57
(-30 + 62 - (12 + 20)) + -36
-36
What is the value of -25 + (17 - -1) - -20 - 33?
-20
What is 23 - ((-3 - 0) + 14 + -6 + 28 + -31)?
21
Calculate 40 - (13 + -12 - 14) - (15 + -8).
46
Evaluate -8 + 2 + (0 - -9 - (2 + -7 - -6)).
2
What is the value of 100 + 0 + (-100 - -97) + (666 - 649)?
114
Calculate -137 - (-133 + 70 + -55).
-19
-3266 + 3239 + (-2 + -33 - -3)
-59
24 - (5 - -15) - ((-1 - 0) + 35)
-30
33 + -14 + -5 + (-1 - -16)
29
Evaluate -53 + 62 + (107 - (2 - (-5 - -6))).
115
65 + 2 - ((36 - 41) + -3 + 5 + 7)
63
Evaluate 10 - 1 - (-1 + 91 + (-3 - 9)).
-69
-1 - 10 - -2 - (24 + -24) - (91 + -77)
-23
What is -4 + (109 - (192 - 50))?
-37
Calculate (67 - 23 - (29 + 2)) + (-7 - -2).
8
Evaluate 86 + 0 - -7 - (45 + -82 + 52).
78
Evaluate -1 + 2 - -95 - 0 - (592 - 578).
82
Calculate 127 - 2 - (-201 + 52 - -169).
105
Calculate 31 - 35 - -102 - 29.
69
What is (-32 - -57) + -46 - ((-4 - (0 + -6)) + -12)?
-11
What is the value of -2 + 14 - (-10 - (-3 - -19 - (-3 - 2)))?
43
Calculate (25 - 0) + 6 - 20 - (1 + -54).
64
Calculate (-68 - -105) + -63 + (89 - -1).
64
What is the value of 46 - (-7 - (5 - -5 - 34))?
29
Evaluate 121 + 127 + (-120 - 34).
94
Evaluate -1 - (-9 + -12 - -39) - -4.
-15
Evaluate 16 - (-40 + 115 + -51).
-8
(-16 - 2) + 3 + 1 - (-9 - 1)
-4
Calculate -1 - -1 - (-93 - (-1 + -45)).
47
What is -1547 + 1519 - (-38 + -3)?
13
Calculate 18 + 42 + -41 + 11.
30
Calculate (-111 - -144) + (-2 - -16).
47
Evaluate (-1 - (-45 + 69)) + 18.
-7
What is the value of (-80 + 39 - -56) + -13?
2
What is -2278 + 2278 + (-156 - (-2 - -4) - -3)?
-155
What is 0 - (1 + (37 - 45) + -28)?
35
Evaluate -14 + (-20 + 5 - (-18 - (-11 + 20))).
-2
Calculate 26 + 0 + 1 + (1 - (11 - 1)) + 8.
26
Calculate (98 - -4) + 7 - (-902 + 895).
116
Evaluate -2 + 13 - (-26 + 41 - (3 - 0) - 46).
45
Calculate 31 - (-55 + 27 - (23 - 1)).
81
Calculate 155 + -147 + (1 - -11) + 0.
20
13 - 1 - (-64 - (21 - (-23 + 4)))
116
-3286 + 3285 + -39 + (2 - 2)
-40
What is -8 + 5 + -42 + 4 + -10 + -18 + 20?
-49
Evaluate -12 - -62 - (-35 + 144).
-59
Calculate -137 + (-84 - -168) + -17.
-70
Calculate -5 + 5 - -12 - (13 + (-21 - 73)).
93
What is -17 + (-25 - -50) + -1 + (-6 - -4)?
5
What is the value of -53 + 22 + 36 + 3 + -14?
-6
What is 30 + -14 + 21 - (-9 - -1 - (-11 - -10))?
44
-62 + 3 - (-178 - -160)
-41
Calculate 48 - (-4 + 4 + -1 + 0 - (98 + -99)).
48
Calculate -91 + 61 + (3 - -16) - (1 + -67 - 2).
57
Calculate -139 + 132 - ((-7 - 23) + -1).
24
Calculate 0 - -6 - (15 - (15 - 25 - -16)).
-3
-15 + (-9 - -5) + -8 + 23
-4
What is 13 - ((22 - 5 - -2) + -104)?
98
What is -83 - (-12 - ((27 - 62) + 31))?
-75
What is the value of 347 + -316 - (-22 - (12 - 16))?
49
What is 45 + (-35 - (-1 - 35) - (-10 - 0))?
56
-78 + (-899 - -918) + -1 + 5
-55
Evaluate -2 + 6 + -823 + 841.
22
Calculate 9 + (-1 - 8) + -23 + 56.
33
What is 18 + 0 + -5 - (-24 + 28 - -24 - -7)?
-22
What is 19 - (26 - 8) - (20 + 20)?
-39
What is (127 - 66 - (6 - (6 + -12))) + 2 + -13?
38
(-23 - -79) + -50 - (-3 - (-20 + 3))
-8
-16 + (0 - 1) + (18 - 23)
-22
What is (19 - -1) + (-8 - 15) + 7?
4
Evaluate (-17 - (12 + -31)) + (4 + -9 - 3) + -105.
-111
What is the value of -18 + 70 + -11 + -7 + -1 + -3?
30
Evaluate -97 